Let w be m/(-52)*(-4 - 0). Let c(u) = -u**2 + 4*u + 23. Let x be c(w). Let o(n) = n**3 - n**2 + 2*n - 3. Give o(x).
5
Suppose -n = 4*s - 1321, 7*n - 10*n - 327 = -s. Suppose -s = 52*f - 82*f. Let i(c) = -c + 3. What is i(f)?
-8
Suppose -24 = -5*u - u. Let c be (-3)/3 + -5 + u. Let g(x) be the second derivative of x**5/20 + x**4/3 + x**3/3 + x**2/2 - 7*x. Calculate g(c).
5
Let m(q) = -6*q. Suppose 11*x - 4*x = -126. Let r = x - -13. Let f be r/3 - 6/(-9). Determine m(f).
6
Let w(d) = 2*d**2 + 20*d + 27. Let a be w(-9). Let z be a - (-4 - 4) - 1*2. Let s(m) = m**2 - 16*m + 16. Give s(z).
1
Let h be (-3)/6*(0 + -6). Suppose 2*z = 3*f + 8, -2*z + h*f = -2*f - 4. Suppose -n = 4 - z. Let d(x) = -2*x + 2. Determine d(n).
-4
Let u(w) = -5 + 0*w + 4*w + 18*w**2 - 4*w + w. Let q(c) = -9*c**2 + 2. Let b = 314 + -305. Let i(f) = b*q(f) + 4*u(f). Give i(2).
-30
Let s be (-2)/(-6) + (-85)/(-15). Suppose -2*u = -5*u + s. Let x be u/(-1) + -1 + 6/(-1). Let o(h) = -2*h - 10. Give o(x).
8
Let s(m) = -m**2. Suppose 3*g - 3*c + 483 = -0*c, 0 = -4*c. Let j = g + 161. What is s(j)?
0
Let f(l) = -2*l**2 + 4*l + 4. Let v(d) = -2*d**2 + 4*d + 3. Let n(g) = 3*f(g) - 4*v(g). Let x be 1320/(-40)*(-2)/22. Calculate n(x).
6
Let l = 700 + -705. Let v(d) = -5*d - 14. Let x(o) = o + 1. Let i(g) = v(g) + 3*x(g). Give i(l).
-1
Let h(r) = 10514 + 16*r - 31*r - 10522. Give h(4).
-68
Let p(s) be the first derivative of -s**4/4 + 5*s**3/3 - 5*s**2/2 + 304. Let k(f) = -f**3 - 5*f**2 - 4*f + 4. Let r be k(-4). What is p(r)?
-4
Let p(f) = -2*f**2 + 15*f - 3. Let w be (52/39*(-27)/12)/((-6)/16). Give p(w).
-11
Suppose a + 20 = 6*a. Let p(x) = -4*x**2 - x + 4. Suppose -3*f - 8*f + 55 = 0. Let h(b) = 5*b**2 + b - 5. Let q(z) = f*h(z) + 6*p(z). What is q(a)?
11
Let z(y) = -19*y - 30. Let j be z(5). Let b = j - -113. Let f(o) be the first derivative of o**3/3 + 6*o**2 - 5*o + 2. Calculate f(b).
-5
Let j = -106 - -100. Let b(d) = -26*d - 58. What is b(j)?
98
Let q(n) = -3*n**3 - n**2 + 7*n + 1. Let z(o) = 3*o**3 + o**2 - 6*o - 1. Let v(u) = 4*q(u) + 5*z(u). Let i = -50870 - -50868. Give v(i).
-17
Let p(g) = 16*g - 22. Let m be (-25)/(-600)*-102 + 2*6/(-16). Give p(m).
-102
Let h(x) be the third derivative of -x**4/6 + 11*x**3/6 + 3*x**2 + 87. What is h(14)?
-45
Let s(x) = -3*x - 14. Let p be -19 + 30/110 + (-252)/(-44). Determine s(p).
25
Let a(v) = 25*v - 8*v**2 + 38*v - 75*v - 5 + 6. Determine a(-4).
-79
Let x(y) = 2 + 3 + 4*y - 36 - 12*y - 2*y**2 + 15. Calculate x(-4).
-16
Let r(l) = l**2 - 9826 + 9826 + 6*l**3 + 2*l. Suppose 1 = -2*v + v. Calculate r(v).
-7
Suppose 5 = -9*t + 23. Let l(q) = -6*q**2 - 15*q + 12 + 7*q**t + 0*q**2 + 6*q. Determine l(8).
4
Suppose 9*g = -81*g - 180. Let b(j) = 3*j**3 + j. What is b(g)?
-26
Let u(n) = 13*n - 3. Let t(z) = -3*z + 1. Let p(q) = 9*t(q) + 2*u(q). Let x = -300580 - -300575. Give p(x).
8
Let q = 153 - 91. Suppose -4*j - 20 = -0*j, 4*r = -2*j - q. Let v(a) = a**2 + 12*a - 11. Give v(r).
2
Suppose -5*n = 5*m - 45, 3 - 15 = -4*m. Suppose -3*u + 9 = -3. Let i(x) = -48 + 48 + u*x - x**2. Determine i(n).
-12
Let u(v) be the second derivative of v**5/20 - 7*v**4/12 + 3*v**3/2 - 11*v**2/2 + 225*v + 2. Suppose -124 = -25*c + 1. Give u(c).
-16
Let m(b) = -2*b - 3. Let t = 76 + -70. Let g(h) = -2*h**3 + 10*h**2 + 11*h + 4. Let u be g(t). Determine m(u).
1
Let l(j) = -26*j + 15 + 38 + 36 - 26. Give l(3).
-15
Let s(j) = 3*j**3 - j**2 + 2*j. Let f = 230 + -224. Let n be (-1 - -4)/(9/f). Calculate s(n).
24
Let n(h) = -27*h**2 + 5*h - 2. Let g(f) = 6*f**2 + f - 2. Let x(d) = -5*g(d) - n(d). Give x(-5).
-13
Let f(k) = -222341*k + 222330*k - 5 + 22. Determine f(6).
-49
Let t(x) = -x**3 + 23*x**2 - 41*x - 21. Suppose -w + 11 = 2*p, -w + 53*p + 1 = 57*p. Determine t(w).
0
Let l be (-41 + 5)*(-6)/(-12). Let t be (l/24)/(21/56). Let o(s) = s**2 + 5*s + 1. Calculate o(t).
-5
Let c = 5976 + -5965. Let s(r) = r**3 - 10*r**2 - 11*r - 9. Give s(c).
-9
Let z(c) be the first derivative of -5*c**2 - 3*c + 4104. Calculate z(-3).
27
Let m(s) = -683*s + 12 - 67 + 227*s + 233*s + 233*s. Determine m(8).
25
Suppose -3*u - 6 = -0*u. Let p(d) be the first derivative of -3*d + 84 - 5/2*d**2. Give p(u).
7
Let o be -2*5/(-30)*3*(5 + -2). Let a(f) = -24*f + 25. Determine a(o).
-47
Suppose 119*q + 66 = 122*q. Let t be (2/(-4))/(q/132). Let o(y) = -3*y - 3. Determine o(t).
6
Suppose -2*p + 17 = 7. Let v(u) = u**3 + 7*u**2 + u - 68. Let b(h) = 4*h**3 + 22*h**2 + 4*h - 242. Let m(a) = -2*b(a) + 7*v(a). Give m(p).
3
Let p be ((-49)/2)/(11/22). Let t = p + 51. Let r(h) = 48 - 3*h - 48. What is r(t)?
-6
Suppose -8*u - 4*u = u. Let f(y) = -11*y - 36. Let t(b) = 9*b + 34. Let d(p) = 4*f(p) + 5*t(p). Give d(u).
26
Let u(y) be the first derivative of -37*y**4/4 - y**2 + y - 984. What is u(1)?
-38
Let v(s) be the first derivative of s**4/4 - 5*s**3 + 8*s**2 - 33*s - 270. Calculate v(14).
-5
Let i(d) = d**2 + 6*d - 49. Let y be i(6). Let r(u) = u**3 - 24*u**2 + 23*u + 4. What is r(y)?
4
Let k(q) = -122*q**2 + 399*q - 430. Let r(o) = -22*o**2 + 80*o - 86. Let y(b) = -2*k(b) + 11*r(b). What is y(-42)?
-2
Let h(o) = -o**2 - 4. Let n(z) = -3*z**3 + z**2 + z - 5. Let j be n(3). Let s = -77 - j. Calculate h(s).
-13
Suppose -649 + 1965 = 28*v. Let s(q) = v*q + 19 + 53*q - 101*q. What is s(8)?
11
Let n(f) = f**2 + 22*f + 5. Let c = 13066 - 13086. What is n(c)?
-35
Suppose -26 - 16 = 2*n - 12*w, -3*w + 15 = -2*n. Let d(a) = -56*a - 158. Give d(n).
10
Let u(q) = -32*q**3 - 8*q**2 + 3*q - 7. Let p(d) = -74*d**3 - 17*d**2 + 8*d - 16. Let y(t) = 3*p(t) - 7*u(t). What is y(-4)?
-59
Let b(k) be the third derivative of -k**6/60 - 3*k**5/4 + 7*k**4/8 - 8*k**3 + 2*k**2 - 333. Determine b(-23).
-2
Let k(s) = s - 7. Let o be (885/20)/(-1) + 6/(-8). Let n be 20/o*(-7 - 11). Determine k(n).
1
Let d = 155 - 161. Let v(s) = -23*s + 2. Let h(w) = 50*w - 3. Let y(n) = d*h(n) - 13*v(n). What is y(-6)?
-2
Let c(n) = 15*n - 2*n**2 - 1 + 0*n - n - 13*n. Let v(f) = f**2 + 6*f + 9. Let u be v(-5). Let r(g) = -g**3 + 3*g**2 + 5*g - 6. Let q be r(u). Determine c(q).
-11
Let b be ((-7)/(-35))/((-1)/(-35)). Let x(t) = 2*t**2 - 10*t - 5. Determine x(b).
23
Let l(t) = -11*t + 60. Suppose 0 = 2*k + 4*a - 16, a - 21 = -4*k + 4*a. Give l(k).
-6
Let r(u) be the first derivative of 2*u**2 + 2*u - 9917. Suppose 8*z + d - 21 = 3*z, 13 = 5*z + 3*d. Calculate r(z).
22
Let j = 194 - 200. Let x(c) = 9 - 12*c + 23*c + 0 + c**2 - 6*c. What is x(j)?
15
Let w(b) be the third derivative of -b**5/60 + 3*b**4/8 + 19*b**3/6 + 1601*b**2. Give w(15).
-71
Let h(s) = 43*s**3 + 2*s**2 + s + 1. Let b(l) = 84*l**3 + 3*l**2 + 2*l + 2. Suppose 0 = -8*y - 3 - 37. Let n(c) = y*h(c) + 3*b(c). Give n(-1).
-38
Let k(y) = 7*y - 1. Let r(v) = -5 - 9*v - 3 + 1 + 9. Let f(d) = 5*k(d) + 4*r(d). Calculate f(3).
0
Let d be (((-418)/55)/(-19))/(2/(-10)). Let x(z) = 3*z + 5. Give x(d).
-1
Let f(n) be the first derivative of n**3/3 + 5*n**2 + 12*n - 12747. Let q be (-3)/((-1)/((-6)/2)). What is f(q)?
3
Let d(h) = 5*h + 1. Let u = 3714 - 3714. What is d(u)?
1
Let h(n) = -328*n**2 - 24*n - 83. Let q(t) = 394*t**2 + 23*t + 83. Let p(i) = -6*h(i) - 5*q(i). What is p(17)?
-2
Let s(t) = t**3 + 5*t**2 + t + 6. Let b be s(-5). Let p = -2 + b. Let d(w) = 2 + 6 + 6 - 1 - 12 + 13*w. Calculate d(p).
-12
Let o(j) = 2*j**2 - 5*j + 1. Let l(d) = d**3 - 2*d**2 - d. Let p be l(3). Suppose 0 = -4*a - h - 60, a + 2*h - 62 = p*a. Let c = a + 18. Calculate o(c).
13
Let s(i) be the first derivative of i**2/2 + 7*i - 2. Suppose -3*f + 4*l = 36, l = -20*f + 18*f - 13. Let j be s(f). Let d(a) = 3*a + 1. Give d(j).
-2
Let l = -13 + 27. Let q(f) = 7*f**2 + 17*f - 20. Let t(y) = y**2 + 5*y. Let h(j) = q(j) - 6*t(j). Give h(l).
-6
Let h(b) = 125*b - 9. Let c(a) = -646*a + 45. Let j(t) = 2*c(t) + 11*h(t). Determine j(-2).
-175
Let k(y) be the third derivative of y**5/30 - 13*y**4/8 + 32*y**3/3 + 231*y**2. Let u be k(18). Let o(b) be the first derivative of -b**2 + 15*b + 2. Give o(u).
-5
Let s(v) be the third derivative of v**7/1260 - v**6/720 + v**5/60 - 7*v**3/3 + v**2 + 3*v. Let g(p) be the third derivative of s(p). What is g(2)?
7
Let g(a) = -124*a - 740. Let m be g(-6). Let l(d) be the third derivative of 11*d**2 + 0 - 2/3*d**3 - 1/24*d**m + 0*d. Determine l(-6).
2
Let t(h) = -12*h - 13. Let n = 179 